 = -18. Suppose -4 = z*a - 8. List the prime factors of i(a).
2, 5, 7
Let p be 20/(20/(-4))*-1. Suppose -440 = -l - 3*v + 106, -p*l - 3*v = -2175. What are the prime factors of l?
3, 181
Suppose 183*s - 163*s = 160. Suppose -5252 = -s*z + 4980. List the prime factors of z.
1279
Let v = 39 - 34. Suppose 6 = 5*u + 3*p, 3*p + 18 = -2*u + v*u. Suppose -u*c - 3*j - 33 = -8*c, 0 = -4*c - 5*j + 56. What are the prime factors of c?
3
Suppose 16*x = 10*x + 150. Suppose 0 = -x*l - 6713 + 26813. List the prime factors of l.
2, 3, 67
Suppose -1225*r - 185654 = -1233*r + 77506. What are the prime factors of r?
3, 5, 17, 43
Suppose -2*x = -3*f + 5, 0*f = 2*x - 4*f + 8. Suppose -230 - 388 = -x*h + 3*d, 2*d = 2*h - 614. What are the prime factors of h?
3, 101
Let v(a) be the second derivative of -109*a**3/6 + 223*a**2/2 - 271*a. What are the prime factors of v(-13)?
2, 5, 41
Let r(t) = -4*t**2 - 26*t + 99. Let z be r(24). List the prime factors of (4 - z/6)*2.
3, 317
Let a(m) = 130*m**2 - 4*m - 3. Let p be (-1)/10*2 - 61/(-5). Let s(g) = -g**3 + 12*g**2 - g + 11. Let x be s(p). List the prime factors of a(x).
131
Let h be (-1)/(-2)*-2 - 130. Let i = 671 - h. List the prime factors of (-2)/(-6) + i/6.
2, 67
Let p = 33968 + -18866. List the prime factors of p.
2, 3, 839
Let s = 22877 + -10752. List the prime factors of s.
5, 97
Let a(s) = 4*s + 3. Let b be a(3). Let l be 36/b - (-6)/(-15). Suppose l*p = 32 + 6. What are the prime factors of p?
19
Suppose p = -2*l + 28 - 27, 11*p - 5*l + 16 = 0. Suppose k + 10 = -3*r, 14 = -4*r + 2*k + 4. What are the prime factors of -3 - (-9 - r) - (-22 + p)?
2, 13
Let g = 168 - 246. Suppose -5*k = -3*p + 578, 4*p = p + 3*k + 582. Let m = g + p. What are the prime factors of m?
2, 59
Suppose 5*n + z = -433 + 13383, 0 = -4*n + 5*z + 10389. What are the prime factors of n?
2591
Suppose -3*m - 3 + 18 = 0. List the prime factors of (m*(4 + -5) - -276) + 2.
3, 7, 13
Let u(a) = 203*a**2 - 44*a + 280. What are the prime factors of u(8)?
2, 5, 17, 19
Suppose 0 = 456*y - 478*y + 276650. List the prime factors of y.
5, 503
Suppose 3*r - 61135 = -4*m, 2*m - 4476 - 26069 = 3*r. What are the prime factors of m?
2, 5, 191
Let g be (-1 + 1)/((-8)/(-4)) - -14. Suppose t - 4*x = -g, -2*t - 3*t = x + 7. List the prime factors of (1 - 3) + ((-2)/t - -80).
79
Let f be 6/(-2) + 0 + 23 + 5. Suppose -5*n + f = 0, -x = -n - 0*n - 30. List the prime factors of (x/(-15) + 3)*(-798)/(-4).
7, 19
Let b = 1321 + -429. Let r = 1119 - b. List the prime factors of r.
227
Suppose 2*z - 5*p = 26758, -5854 - 20904 = -2*z + 3*p. List the prime factors of z.
17, 787
Suppose -4*k + 5292 = 5*a, -5*a - k = -2765 - 2533. Let q = -757 + a. List the prime factors of q.
3, 101
Let m(i) = 146*i + 4099. What are the prime factors of m(59)?
12713
List the prime factors of (-12)/(-14) + 4121739/189.
113, 193
Let h = 687 - 411. Let x = 0 + h. Let y = -140 + x. What are the prime factors of y?
2, 17
What are the prime factors of ((-800)/10)/8 - -7137?
7127
Let m = -8141 + 12045. What are the prime factors of m?
2, 61
Let g be (-489)/9 - 10/15. Let h be 22/(-55) - 1424/(-10). Let y = h + g. List the prime factors of y.
3, 29
Suppose 2*j - 560 - 146 = 4*n, -335 = 2*n + 5*j. Let h = 101 - n. Suppose -7*i + h + 102 = 0. What are the prime factors of i?
2, 3
Suppose 21 = 5*g + 4*b, 2*b = -0*b - 2. Suppose g*a - 573 = 872. What are the prime factors of a?
17
Let b(n) = -30*n + 2. Let x(s) be the first derivative of 15*s**2/2 - s + 12. Let c(y) = -4*b(y) - 7*x(y). List the prime factors of c(5).
2, 37
Suppose -3 = 2*y - 5*a + 84, -2*a + 165 = -5*y. Let c = y + 31. What are the prime factors of (-3)/((-6)/70) + c/22?
5, 7
Suppose 2*i - 16 = -14*n + 16*n, -32 = 3*n - 5*i. Suppose -3*r = -2*a + 2*r + 68, -4*r - 72 = -2*a. List the prime factors of -189*(n + a/12).
3, 7
Let v = 77501 + -19780. What are the prime factors of v?
197, 293
Let w(d) = 30*d**2 + 650*d + 24. What are the prime factors of w(23)?
2, 11, 701
Let a(o) = -o**2 - 13*o + 17. Let c be a(-9). Suppose c + 112 = -5*l. List the prime factors of (-682)/l*(-15)/(-2).
5, 31
Let z be 16/(-2) - 2/1 - -3. Let v(m) = -3*m - 25. Let j be v(z). What are the prime factors of (3 - (-627)/15) + j/(-20)?
3, 5
What are the prime factors of 2368 - (5 - (0 + -7))?
2, 19, 31
Let q(y) = y**3 - 4*y**2 + 4*y - 1. Let g be q(3). Let m be g*2 + 1*32/(-8). Suppose -9*f + m*f + 1422 = 0. What are the prime factors of f?
2, 79
Let c = 6056 - -34. What are the prime factors of c?
2, 3, 5, 7, 29
Suppose 16 = -22*w + 26*w. Suppose -3*g + 2*h + h = -333, -20 = -w*h. Suppose -7*l + g = -3*l. What are the prime factors of l?
29
Suppose 155*x = 38*x + 95589. What are the prime factors of x?
19, 43
Let b(i) = i**3 + 47*i**2 + 199*i + 44. List the prime factors of b(-42).
2, 11, 23
Let s(z) = -76*z - 2 - 80*z + 159*z + 2 - 4. Suppose 4*d + 22 = y, 0 = 2*y + 7*d - 2*d - 31. List the prime factors of s(y).
2, 5
Let l be (-7)/(-49) + (-20)/(-7). Suppose 3*q + 2*a = 3332, l*a - 5555 = -5*q - 0*a. What are the prime factors of q?
2, 557
Let c(o) = -39*o**3 + 5*o**2 - 68*o - 423. What are the prime factors of c(-7)?
5, 547
Let p(d) = d**3 - 20*d**2 - 34*d - 22. Let i be p(22). Let j = i + -104. What are the prime factors of j?
2, 47
Let g be (-1)/(-2)*(340 - 4). Suppose 6*r - g = 2*r. Let f = 93 - r. What are the prime factors of f?
3, 17
Let q = -123 + 126. Suppose 5*m - 26*g - 7255 = -31*g, 7255 = 5*m - q*g. What are the prime factors of m?
1451
Let r = -117 + 121. Suppose -3*g + 1698 = -r*k, 2*k - k - 1713 = -3*g. What are the prime factors of g?
2, 3, 5, 19
Suppose -4*j + 4*h + 9000 = 0, 15*j - 3887 = 4*h + 29885. What are the prime factors of j?
2, 563
Let v(o) = -o**2 - 12*o + 15. Let f be v(-13). Let y = f + -5. What are the prime factors of y/8 - (-695)/40?
17
Let q = -33532 - -66124. What are the prime factors of q?
2, 3, 7, 97
Suppose 35*x - 2*b + 12660 = 38*x, 3*x = 5*b + 12681. What are the prime factors of x?
2, 2111
Suppose 0 = t + 2*m + 1, -3*m = -2*t - 8*m - 6. Let i(o) = 33*o**2 + 4*o - 32. List the prime factors of i(t).
1613
Let i = -41 + 42. Let x be (12/(-16))/(i/(-264)). Suppose -s - 2*j - x = -6*s, -3*s + 110 = j. List the prime factors of s.
2, 19
Let v = 1072 + -1132. Let t(f) = 9*f**2 - 4*f - 4. Let y be t(-3). Let b = v + y. List the prime factors of b.
29
Let z(y) be the second derivative of y**4/12 + 2*y**3/3 + 35*y**2/2 - 17*y. Let o be z(17). Suppose 5*d - o + 7 = 0. List the prime factors of d.
7, 11
Let z be (-15)/(-5) + -2 - 0. Suppose -z + 33 = 2*l. Suppose 4*j + s - 27 = l, 2*j = -5*s - 1. What are the prime factors of j?
2, 3
Suppose -3*t - 17889 = -43383. List the prime factors of t.
2, 7, 607
Let c(a) = 2*a**2 + a - 9. Let u be c(-3). Suppose 0 = u*q - 9*q + 1368. What are the prime factors of q?
2, 3, 19
Let f be -5*1*(1 - 2)*1. Suppose 200 = -f*j + 4*j. What are the prime factors of ((-12)/10)/(16/j)?
3, 5
Suppose -11*u + 6 = -16. Let f be (1/u)/((-4)/(-40)). Suppose 705 = -0*y + f*y. What are the prime factors of y?
3, 47
Let u(t) = t**3 + 12*t**2 + 11*t + 20. Let s be u(-11). Suppose s*v = -2332 + 14992. List the prime factors of v.
3, 211
Let g be (0 + 5)/(0 - (2 + -3)). Suppose -3*r - p + 5 = 0, 3*r + 4*p + 22 = g*r. Suppose 0 = -2*l - r*h + 161, 0*l - 5*h = -l + 74. List the prime factors of l.
79
Suppose 24305 = 2*r - 5*a, 0 = 4*r + 1006*a - 1003*a - 48727. List the prime factors of r.
5, 487
Let m(j) = 7*j + 113. Let z be m(-12). Let q = 1691 + z. What are the prime factors of q?
2, 5, 43
Suppose 69*l - 63*l = 111672. What are the prime factors of l?
2, 3, 11, 47
Suppose -4878 = -5*m - 4*y, 4*m - 2*y - 4866 = -m. Suppose -4*n + 4290 = -m. List the prime factors of n.
2, 7, 47
Suppose 0*d + 2*o = -2*d + 72, -16 = -4*o. Let i(b) = 30*b - 85. What are the prime factors of i(d)?
5, 7
Suppose 4*h - 2*h = -62. Let f = 44 + h. Let g(m) = -m**3 + 14*m**2 - 13*m + 26. List the prime factors of g(f).
2, 13
Let n(r) = r**3 - 8*r**2 + 9*r + 28. Let h(g) = -g**3 + 8*g**2 - 10*g - 27. Let m(k) = -5*h(k) - 4*n(k). What are the prime factors of m(7)?
2, 3
Let b(o) = o**2 - 3*o + 2. Let u be b(1). Let h(i) = -3*i + 354. Let d be h(u). What are the prime factors of (-1)/((-3)/d*-353 + -3)?
2, 59
Let k = 68 + -68. Suppose k = 19*